 Let y = 48 + -29. What is the greatest common divisor of y and k?
19
Let p(m) = -228*m**3 - m**2 + 1. Let x be (-6)/(-4) + (-40)/16. Let g be p(x). What is the highest common divisor of g and 12?
12
Let y be (-954)/54*((-2)/3 - 910/39). Calculate the highest common factor of 64 and y.
8
Let n be ((-2825)/(-3955))/(2/448). Let t(u) = 29*u**2 - 3*u - 2. Let m be t(-2). What is the highest common factor of n and m?
40
Let f = 24715 + -24572. What is the greatest common factor of f and 1937?
13
Suppose l - 474 = 3*s, -3*l = -5*l. Let m = s - -192. Suppose -3*j - 42 = -h + 2*j, -3*j - 100 = -5*h. Calculate the greatest common divisor of m and h.
17
Suppose -3*z - 3*u = -765, -4*u + 1340 = 5*z - 12*u. What is the greatest common divisor of 2470 and z?
130
Let w be (-315)/(-18)*(-12)/45*1458/(-6). What is the highest common divisor of w and 1008?
126
Suppose 0 = 62*q - 871 - 3779. Calculate the greatest common factor of q and 18.
3
Let u = 4669 - -17793. Calculate the highest common divisor of 22 and u.
22
Let r(b) = 33*b**3 - 2*b**2 - 2*b + 3. Let y be r(2). Let a = -7391 + 7421. What is the highest common divisor of a and y?
15
Let a(o) = 3*o - 76. Let v be a(18). Let b be (v/8)/((-4)/32). What is the highest common factor of b and 198?
22
Suppose 3*y - 2*w - 239 = -7*w, y - 108 = 4*w. Let v = y + -71. Let u be (5 - v/3)*-45. What is the highest common factor of u and 12?
6
Let z(g) = -2*g**3 + 17*g**2 - 139. Let d be z(7). Let i be (40/(-15))/(3/(-198)). Calculate the greatest common divisor of i and d.
8
Let o(k) = -k**3 - 11*k**2 - 3*k - 30. Let q be o(-11). Suppose -4*j + h = q*h - 124, 0 = -j + 5*h + 53. What is the highest common divisor of j and 88?
11
Let v(b) = b**3 - 12*b**2 + 13*b - 12. Let w be v(11). Let i(k) = -14*k + 40. Let j be i(3). Let g = j + w. Calculate the highest common divisor of g and 40.
8
Suppose -2*h + 9 = -1, -5*h + 80 = 5*c. Let q be ((-528)/(-15))/(1/5). Calculate the highest common divisor of q and c.
11
Suppose -47090 + 10704 = -14*v. Calculate the highest common divisor of 23 and v.
23
Let g be (-1*1*78)/(3621/(-15691)). Calculate the greatest common divisor of 4524 and g.
26
Suppose 18 = 8*p - 6. Suppose 4*r = -t + 2*t - 52, -170 = -4*t - p*r. Suppose 3*l = 30 + 3. What is the greatest common factor of l and t?
11
Let a be 356/2 - -10*(-54)/90. Calculate the highest common divisor of a and 8.
4
Let d = -83 - -91. Suppose d*o + 384 = 1112. Calculate the greatest common divisor of o and 13.
13
Let g be (-385)/(-110)*90/7. Let i be 10/g - 128/(-72). What is the greatest common factor of 10 and i?
2
Let s be (-398)/(18/(-5130)*10). What is the greatest common factor of 114 and s?
57
Let o = 254 - 225. Suppose 28*u = o*u - 136. Let z = 5 - -12. Calculate the greatest common factor of z and u.
17
Let q(z) = 24*z - 722. Let a be q(31). What is the highest common factor of 550 and a?
22
Let l = -4 + 4. Suppose l*u + 195 = 3*u. Suppose 16 - 10 = 22*v - 104. Calculate the highest common factor of v and u.
5
Let o = 354 + -256. Calculate the highest common divisor of o and 126.
14
Let n be (-8 + 520/50)/((-6)/(-20)). Let o be (4 + -1 + 45/10)*n. Calculate the highest common factor of 60 and o.
60
Suppose -16*y + 4*z = -11*y - 12, 3*y - 3*z - 9 = 0. Suppose y = 3*v + 2*v - 135. Calculate the greatest common factor of 216 and v.
27
Suppose 0*g + 15*g = -2730. Let o = -179 - g. Calculate the highest common factor of 51 and o.
3
Let z = -265 + 245. Let m be 15 + (-5)/z*0. Calculate the highest common divisor of m and 45.
15
Let z be (-6)/14 - 1294/(-14). Suppose z = -3*i + 113. Let w(m) = -m + 29. Let u be w(i). Calculate the highest common divisor of u and 154.
22
Suppose 2*i - 26 = -8*x + 6*x, -3*i = -3*x + 57. Suppose -6*y - x*y + 88 = 0. What is the highest common factor of y and 108?
4
Suppose 4*n - 17*i + 18*i = -26, -n - 3*i = 1. Let w be (6 - n)/(0 - -1). Calculate the highest common factor of 832 and w.
13
Suppose -9*g + 5*g + 208 = 3*m, 2*g - 3*m = 86. Let v = 31 + -24. Calculate the greatest common factor of v and g.
7
Suppose 7 + 3 = -10*k. Let d be (-2 + (-35)/(-15))/(k/(-123)). Let x = d - 18. What is the greatest common divisor of 23 and x?
23
Let r(c) = c**2 + 9*c + 56. Let n be 4/18 - (-1175)/(-225). Let z be r(n). Calculate the highest common factor of 54 and z.
18
Suppose 3*v + 0*a = a + 1825, 5*v = 4*a + 3037. Calculate the highest common divisor of 14 and v.
7
Let a(d) = -d**2 - 40*d + 815. Let z be a(-42). What is the greatest common factor of 119 and z?
17
Suppose -245*c = -226*c - 14592. Let b be 2/3*4*9. Calculate the greatest common divisor of c and b.
24
Let t(g) = -g**2 + 16*g + 2022. Let r be t(-35). Calculate the greatest common factor of 1264 and r.
79
Let k(m) = m**3 - 3*m**2 + 3*m - 2. Let t be k(3). Suppose t = x + 3. Suppose x*v + 19 = 55. What is the greatest common factor of 45 and v?
9
Let b be ((-3)/6)/(59/12 + -5). Suppose -5*o = 8 + 2, o + 5 = p. Suppose 9 = p*y - 4*x + x, -y = 3*x - 15. What is the highest common divisor of y and b?
6
Suppose 52*u - 3 = -w + 53*u, -4*w + u + 33 = 0. What is the highest common divisor of 9830 and w?
10
Let s = -32157 - -32301. Calculate the highest common factor of 20928 and s.
48
Let a be (21 + -18)/((-1)/(-4)). Let q be (4/(-6))/((-14)/21) + a. Calculate the greatest common divisor of 1 and q.
1
Suppose s - 5*s = -224. Let u = s - 52. Let r be u/10 + (3 - 489/(-15)). Calculate the greatest common factor of 9 and r.
9
Suppose 45097 = 4*j - 5*h, 524*j = 527*j - 5*h - 33829. What is the greatest common divisor of j and 36?
36
Let l(o) = -o**2 - 64*o - 822. Let j be l(-46). Calculate the highest common divisor of 94 and j.
2
Let r(y) = 4218*y + 844. Let i be r(2). Calculate the highest common factor of i and 2240.
320
Let t(b) = 7*b**3 - 2*b**2 - 14*b + 8. Let q be t(-5). Let o = -451 - q. Calculate the greatest common factor of 36 and o.
36
Let l(f) = -2*f**2 - 58*f + 90. Let t be l(-29). Suppose 93*k = t*k + 378. What is the greatest common divisor of 18 and k?
18
Suppose -13*a + 2722 = -3720 - 1046. What is the highest common divisor of 120 and a?
24
Let c be ((-5)/(-1))/((-2)/(-126)). Let q be (9/5 - 1)/(62/7440). Let n be q/3 - 1/((-6)/18). Calculate the highest common factor of c and n.
35
Let t = -230 + 332. Let w = -34 + t. Let b be (1 + 11/(-5))*(1554/(-28) - -13). What is the highest common factor of b and w?
17
Let s be ((-448)/(-48) + -8)/(-3 - 365/(-120)). Calculate the highest common factor of 968 and s.
8
Let s(u) = -u**2 + 29*u + 383. Let o be s(38). Let a(m) = 7*m**2 + 8*m + 21. Let f be a(8). What is the highest common factor of f and o?
41
Suppose -99*b + 97*b - 3*j = -2156, j + 1078 = b. What is the highest common divisor of 735 and b?
49
Let i be (-3)/4 + ((-675)/20)/(-9). Suppose 125 = 5*r + 4*z, i*r + 2*z - 75 = -0*r. Calculate the highest common factor of r and 325.
25
Let a(w) = 18*w - 194. Let r be a(16). Let y = 8 + -8. Suppose -4*z + 943 = p + 2*p, 2*z + 2*p - 472 = y. What is the highest common factor of z and r?
47
Let b(r) = -2*r**3 - 144*r**2 + 143*r + 27. Let t be b(-73). Calculate the highest common factor of 5494 and t.
82
Suppose 3*x - a - 1694 = 0, 3*x - 3*a = -4*a + 1690. What is the highest common factor of x and 2679?
141
Suppose -5*d + 53 = -302. Let v = d - 69. Let u be ((-30)/4)/(v/(-8)). What is the greatest common factor of u and 10?
10
Let h = 39 - 9. Let g = h + -4. Let i(b) = 14*b**3 - b. Let r be i(1). Calculate the highest common divisor of r and g.
13
Suppose 5*u + 4*t + 239 = 0, -41*t + 224 = -4*u - 36*t. Let i = 54 + -99. Let z = i - u. Calculate the greatest common factor of z and 30.
6
Let v(y) = -29 - y**2 + y + 5*y**2 + 12*y - 3*y**2. Let f be v(-15). Let u be f*1430/(-39)*(-3)/2. What is the greatest common factor of 11 and u?
11
Suppose -538 = -4*s - 5*k, 2*s - 9*k - 266 = -10*k. Let q = 634 + -304. What is the greatest common divisor of q and s?
66
Suppose 0 = -1394*f + 1473*f - 270496. What is the greatest common divisor of f and 160?
32
Let b(k) = -k**3 + k**2 + k + 7. Let c be b(3). Let z be -1 - (c/28 + (-2283)/21). Calculate the highest common divisor of z and 45.
9
Suppose 76*f + 251*f + 76*f - 2168140 = 0. Calculate the greatest common factor of 40 and f.
20
Suppose -2*k = 2*k + 116. 